= 11705 - 4950. What is the hundreds digit of t?
7
Let h be (10 + -7)*1*(-1 - 4). What is the units digit of -22*h/(-40)*-8?
6
Let q be (-4)/(-12) + (-3)/(-9)*3527. Suppose 5*m = 7*m - q. What is the tens digit of m?
8
Suppose -5*x = 3*b - 1, -5*b - 6*x = -3*x + 25. Let v be (-20)/(-30) - b/6. Suppose 0*s - 2*n - 112 = -3*s, -v*s - 5*n = -62. What is the units digit of s?
6
Let k = 9312 - -7646. What is the ten thousands digit of k?
1
Suppose -4*p + 68 = 2*x + 4, x + 4*p = 42. What is the units digit of 4/x - (-9505)/55?
3
Suppose 4*j + 4*w - 117593 + 48469 = 0, -2*w + 69114 = 4*j. What is the thousands digit of j?
7
Let h(x) = 103*x - 34. Let a be h(8). Let w = a - 431. What is the tens digit of w?
5
Let d = -1294 - -7334. What is the tens digit of d?
4
Suppose 21*f - 26*f = 3*s - 1869, 0 = 4*s + 2*f - 2492. Suppose -2*g = 5*k - 194 - s, 3*k - 1599 = -4*g. What is the hundreds digit of g?
3
Let a(k) = 16*k**2 + 3*k + 9*k - 12 + 8*k - k**3. Let g be a(14). Suppose g = 3*u + v + 124, -4 = 4*v. What is the tens digit of u?
7
Suppose -1264 = -3*n + v, 0*n = 2*n - 3*v - 852. Let j = -180 + n. What is the hundreds digit of j?
2
Suppose 17112 = -7*n + 111017. What is the ten thousands digit of n?
1
Let v(r) = 1207*r**3 + r**2 - 744*r + 1485. What is the tens digit of v(2)?
5
Let a(s) be the first derivative of -19*s**2/2 - 8*s + 7. What is the units digit of a(-11)?
1
Let w = 105 + -68. Let s = w - 42. What is the tens digit of (s/((-40)/(-84)) + -1)*-2?
2
Let x = -101 + 106. Suppose 0 = -x*w - 3*b + 208 + 1649, -2*w + 745 = -b. What is the units digit of w?
2
Suppose -5*x + 2*k = -1320, 3*k = 5*x + 426 - 1751. Suppose 2*u = u + 2*a - 184, -3*a = u + 164. Let o = x + u. What is the units digit of o?
6
Suppose -4*b - 2*c + 30 = 2, b + 4*c = 21. Suppose 0 = b*q + x - 3894, -q - 2334 = -4*q - 3*x. What is the hundreds digit of q?
7
Let h = 4980 + 4556. What is the units digit of h?
6
Let j(y) = -10*y + 176. Let i be j(12). Suppose -5 = 5*o, -3*d + i*o - 60*o = -4274. What is the tens digit of d?
2
Let s = 0 + 2. Suppose 4*j - s = 4*q - 26, 0 = -3*q + 2*j + 20. What is the units digit of (-4)/(-18)*(q + 1) + 122?
4
Let b(i) = -2*i**2 + 3*i + 4. Let f be b(0). Suppose -1235 = -5*u - 3*g, f*u - 6*u = 2*g - 498. Suppose u = 9*k - 836. What is the units digit of k?
0
Let v(w) = 13*w**2 - 2*w + 8. Let q be v(5). Suppose a - 2*g - q = 0, 4*a = -5*g + 527 + 765. What is the tens digit of a?
2
Let i = 42 + -48. Let j be (-51)/i - 6/4. Suppose -3*b - 32 = -j*b. What is the units digit of b?
8
Let i(h) = 3*h**2 + 35*h - 12. Let w be i(9). Let d = -123 + w. What is the hundreds digit of d?
4
Suppose 5*s - 220050 = 6*x, -5*s - 8*x + 220070 = -10*x. What is the hundreds digit of s?
0
Let o(w) = w**3 - 13*w**2 - 6*w - 13. Let i(z) = z**3 + 33*z**2 + 60*z - 46. Let m be i(-31). What is the tens digit of o(m)?
5
Suppose 18*s + w + 4 = 14*s, 5*s - 3*w = 12. Let d = 0 + 11. Suppose s = 8*c - d - 29. What is the units digit of c?
5
Suppose 17*k = 12*k + 20. Suppose w + 20 = 6*w, -3*w = -k*i + 1844. What is the units digit of i?
4
Suppose 0 = -2*x - 2*x. Suppose 108 = 3*t - x*t. Let l = t + 36. What is the tens digit of l?
7
Let x = 39318 + -31104. What is the units digit of x?
4
Suppose 14243346 + 19696554 = 645*d. What is the hundreds digit of d?
6
Let m be 3/(-12) + 189/36. Let b be ((-6)/15)/(m/(-25)). What is the tens digit of 8/(-12)*(-207)/b?
6
Let s(u) = u**2 + 11*u + 34. Let v be s(-4). What is the tens digit of 759*7/14*4/v?
5
Suppose -s - 2 = -7. Suppose 2*t = b + 3, -s*b + 0*b + 27 = 4*t. Suppose -4*x = t*y - 35, 3*x = 8*x - 3*y - 64. What is the tens digit of x?
1
Let a(k) = -k**3 + 5*k**2 + 16*k + 21. Let w(l) = -l**3 + 6*l**2 + 17*l + 22. Let n(b) = 3*a(b) - 2*w(b). What is the units digit of n(-5)?
9
Suppose -2*n = 2*r - 2916, 3*r + 6*n - 4366 = 5*n. What is the tens digit of r?
5
Let t(r) = 56 - 8 - 467*r + 0. Let u be t(-6). What is the tens digit of u/20 - (-3)/2?
4
Let t = 187 - 185. Suppose 0 = -t*d - 284 + 604. What is the units digit of d?
0
Let j(b) = 4*b**2 - 2*b - 37. Let m = -396 - -380. What is the hundreds digit of j(m)?
0
Let b(r) = 116*r**2 + 5*r + 4. Let s be b(-3). Suppose 0 = 19*h - 12889 + s. What is the units digit of h?
4
Let s = 413 + 10356. What is the units digit of s?
9
Let o = -291 + 431. What is the tens digit of 1/((-1)/(-228))*105/o?
7
Let h(f) = 521*f**2 - 65*f + 990. What is the hundreds digit of h(10)?
4
Suppose -3*h = -2*b + 121 - 321, -5*b - 5*h = 525. Let u be (-2655)/118*(1 + (-51)/(-5)). Let r = b - u. What is the hundreds digit of r?
1
Let p = -1035 + 3821. What is the units digit of p?
6
What is the units digit of (-20)/210*-14*(29571 + 0/3)?
8
What is the thousands digit of (54944 - 402) + ((-12)/9)/((-8)/(-12))?
4
What is the hundreds digit of (-301360)/(-48) - -8 - 4/(-6)?
2
Let q be -546 + (-5 - -7) + -1*3. Let c = 38 - q. What is the hundreds digit of c?
5
Let r(s) be the first derivative of s**4/2 - 4*s**3 + 8*s + 2. Let f = 2102 + -2096. What is the units digit of r(f)?
8
Let k be -8 + 8 + (106 - 1). Suppose 2*f = f + k. Suppose x + w = f, -2*x - x + 291 = -3*w. What is the units digit of x?
1
Let r(o) = 11*o**3 - o**2 + 5*o + 14. Let b(i) = 10*i**3 - i**2 + 4*i + 12. Let w(x) = -4*b(x) + 3*r(x). What is the tens digit of w(-2)?
5
Suppose -5*h - 3*r + 740 = -h, 5*h - 3*r = 898. Let v = -304 + h. What is the units digit of (13 - 12) + v/(-2)?
2
Suppose 11*s - 3066 = -3*s. Let h = -8 - s. Let c = h - -421. What is the hundreds digit of c?
1
What is the hundreds digit of (-2 - (-3700)/(-7))/(2/(-168))?
5
Suppose -2*u - 5*h + 5968 = 0, -15*h = -2*u - 13*h + 5954. What is the units digit of u?
9
Let p be (-1)/(-3)*(30 - 6). Suppose -28 = -5*m - p. Suppose m*o - 288 = 2*g, -150 = -2*o + 4*g - 6*g. What is the units digit of o?
3
Let b = 87 - 74. Suppose -979 = -b*l + 737. Suppose i - 204 = 2*u, -4*i + l + 679 = -3*u. What is the units digit of i?
2
Let j(q) = 5*q - 61. Let u be j(13). Suppose 0 = 5*k + d - 45, -u*k = -5*d + 4 - 40. Let m(a) = a**3 - 6*a**2 + 3*a - 22. What is the tens digit of m(k)?
4
Let j be 6/(-4)*10/(-15). Let k be (-6 + 6)/((-1)/1 - -5). What is the units digit of 126/(18/6) + (j - k)?
3
Let s = 9388 + 220. What is the thousands digit of s?
9
Suppose 0 = 2*t + 4*m + 30, -2*t + 0*m - 21 = -5*m. Let l be 1 - ((-572)/65)/(1/(-5)). Let v = t - l. What is the units digit of v?
0
Suppose 772*w - 779*w = -14. Suppose 10*s - 9*s - 1536 = -2*y, -3*s = w*y - 1536. What is the hundreds digit of y?
7
Let x be 108/81 - 1432/(-6). Suppose -4*s + 4*j = -x, -j - 257 - 59 = -5*s. What is the units digit of s?
4
Suppose -24*q + 51 = -21*q. Suppose -q*d = -22*d + 3675. What is the tens digit of d?
3
Suppose 0 = -3*d - 1 + 31. Suppose v + d*t = 5*t + 28, 3*t - 84 = -2*v. Let c = 175 - v. What is the hundreds digit of c?
1
Let u be (-36)/(3266/(-466) - -7). Suppose 7*k = u + 447. What is the units digit of k?
3
Let m be (1 - (-14)/(-18)) + 9430/90. Let h = 222 - m. Let u = h + -77. What is the units digit of u?
0
Suppose 3*m - 9899 = -b, -3*m = 144*b - 148*b + 39566. What is the tens digit of b?
9
Let p be -4*((-5)/(-140) + 2/(-7)). Let q be -58*(2/4 - (p + 1)). What is the tens digit of ((-58)/q)/(-2*1/291)?
9
Let m be 13/5 + 12*(-3)/(-90). Suppose 0 = -m*i - 4*a + 1763, 34*i - a - 2319 = 30*i. What is the hundreds digit of i?
5
Suppose -108 + 120 = -6*g. What is the tens digit of (g/8)/(16/(-13504))?
1
Let m = -27 + 46. Suppose -6*n + 65 = -m. What is the hundreds digit of ((-113 - -3) + -1)/((-6)/n)?
2
What is the tens digit of 396/(-42) - -10 - (-385749)/49?
7
Let j be (27/6)/9*6. Suppose p + 3*p = 5*x + 105, j*x = -2*p + 25. Suppose 16*k + 376 = p*k. What is the units digit of k?
4
Let i = -2320 + 6008. What is the tens digit of i?
8
What is the tens digit of -30*(4/(-5))/4 + 9599?
0
Suppose 0 = -q + 245 - 42. Let a = q + -74. What is the hundreds digit of a?
1
What is the tens digit of 22/2*(-138352)/(-88)?
9
Let f(y) = 16*y**3 - 2*y**2 + 1. Let z be f(1). Let c(t) = 2 + z*t - 6 - 4*t - 9. What is the units digit of c(7)?
4
Let v(z) = 401*z**2 + 73*z - 264. What is the ten thousands digit of v(6)?
1
Suppose 0 = 4*p - 16, -2*z - 2*p + p + 8 = 0. Suppose -5*c = -3*b + 988, -570 = -2*b - z*c + 94. What is the